is the greatest common divisor of 55 and j?
55
Suppose 4*g + 0*g + 700 = 0. Let v(x) = 7*x**2 - 10*x + 73. Let d be v(6). Let f = d + g. What is the greatest common divisor of 10 and f?
10
Let a be 2/1 - (-276 - 1). Calculate the greatest common divisor of a and 45.
9
Let s be (6/(-10) - -3)/((-42)/(-1820)). Let z(x) = x**3 + 29*x**2 + 17*x - 48. Let k be z(-28). Calculate the greatest common factor of k and s.
52
Let s = -3789 - -3849. Calculate the highest common factor of s and 4940.
20
Let p = 354 - 248. Let l = -477 + 479. Calculate the highest common factor of l and p.
2
Suppose 217*x - 72049 = 153*x + 4751. What is the greatest common divisor of 375 and x?
75
Let b be 12/864*-9 + 3/(96/1252). What is the highest common divisor of 377 and b?
13
Let y = -22 - -26. Suppose 18 = y*z + 3*c - 13, 21 = 3*z + 3*c. Let r be 41/(-10) - -4 - 4404/(-40). What is the greatest common divisor of r and z?
10
Suppose -12 = -4*z, 12*r + 113 = z + 1262. What is the greatest common divisor of r and 360?
24
Suppose 74*l - 92441 = 226055. Calculate the highest common factor of 16 and l.
16
Let q = -211 - -215. Suppose k + 5*l - 46 = -0*k, -k + 1 = -q*l. What is the greatest common divisor of 35 and k?
7
Let h = 39427 + -39319. What is the greatest common factor of h and 26316?
36
Let l = 33125 - 33117. Calculate the highest common divisor of 2104 and l.
8
Let d be ((-65)/(11375/140))/(2/(-90)). What is the greatest common factor of 243 and d?
9
Let v = 13 - 11. Suppose 5*m + u - 45 = 0, -2*m + 3*u - 31 = -4*m. Suppose m = v*c, 1 = -t - 3*c + 18. What is the greatest common divisor of t and 25?
5
Let z be 10464/(-109)*6/(-4). Calculate the highest common divisor of 36 and z.
36
Let n be -3 + 18/12 + 18/(-4). Let m be (-692)/n + -5 + 51/9. Calculate the greatest common factor of 29 and m.
29
Suppose -8*z = -9*r - 12*z + 32278, 5*r - 17926 = 4*z. Calculate the highest common factor of r and 22.
22
Suppose -2*o - 6*o + 7649 = -1191. Calculate the highest common factor of 5 and o.
5
Let s = 175567 - 175455. Let y(x) = -x**3 + x**2 - x - 14. Let l be y(0). Let h = l + 28. What is the highest common factor of s and h?
14
Let p = -66 + 122. Let j be (-6 - 7 - -9)*1*-14. What is the greatest common divisor of j and p?
56
Let t be 15/25 - 23/5. Let k be t/(2*(-3)/(-96)). Let n = -39 - k. Calculate the highest common factor of n and 5.
5
Let y = -71 + 143. Let h = y + 18. Let v = 117 + -81. Calculate the greatest common divisor of v and h.
18
Let m(c) = -2*c**2 + 5*c - 1. Let z be m(2). Let q be (7 + (-2 - -6))*z. Let w be 6*22*6/9. Calculate the greatest common factor of q and w.
11
Let h = -47 - -64. Let r(o) = o**3 - 15*o**2 - 35*o + 35. Let w be r(h). What is the highest common divisor of w and 9?
9
Let g(h) = h**3 + 85*h**2 + 323*h + 308. Let w be g(-80). What is the greatest common factor of w and 8?
4
Let p = 0 - -2. Let r be ((0 + -6)/p)/3. Let n be r/3 - (-114)/18. Calculate the highest common divisor of n and 24.
6
Let l = 9797 - 9687. What is the greatest common divisor of l and 2398?
22
Let j be (-1 - -1)*5/10 + 26. Suppose 0 = -j*s + 5739 - 851. What is the greatest common factor of 235 and s?
47
Suppose -465*i + 451*i = -34020. Calculate the greatest common divisor of i and 2.
2
Let k be (-6)/9 + 1 + (-90087)/(-9). Calculate the greatest common factor of 130 and k.
130
Let l = 2860 - 2768. Let y = 58 + -12. Calculate the highest common divisor of l and y.
46
Suppose 94*b + 4608 = 106*b. Calculate the highest common factor of 3968 and b.
128
Let x(n) = -2*n**2 + 18*n - 13. Let i be x(13). Let j = i + 25. Let z = j - -212. What is the greatest common divisor of 6 and z?
6
Let q(l) be the third derivative of 23*l**4/12 - 8*l**3 + 35*l**2. Let h be q(5). Calculate the greatest common divisor of 26 and h.
26
Let h(c) = c**3 + c**2 - 3*c - 1. Let z = -26 + 28. Let t be h(z). Suppose t = 4*g - 19. Calculate the greatest common factor of g and 42.
6
Let w = 9 - -15. Let s(t) = t**2 - 13*t - 3822. Let r be s(-57). Calculate the greatest common factor of w and r.
24
Let w be 22 - ((3 - -11) + -26). What is the highest common factor of w and 25347?
17
Let s = 68 - 38. Let u = -40 + 255. Suppose 5*g - u = -3*p + 3*g, -g = -p + 80. Calculate the highest common factor of s and p.
15
Let h = -1924 + 2265. Suppose 66 = 14*n - 12*n. What is the greatest common divisor of h and n?
11
Let r be -5*(-1 - (-13)/(-5)). Suppose -6*f - 277 = 17. Let c = f - -55. What is the highest common divisor of c and r?
6
Suppose -12*v - 18249 = -15*v. Suppose v - 1783 = 20*q. What is the highest common divisor of 86 and q?
43
Let u be (2 + 6/2)*(2 - 1). Suppose -u*f = -49 - 1. Calculate the greatest common divisor of f and 2.
2
Let o = -451 + 646. Suppose 7*w = 3*w. Suppose v - 69 - 9 = w. What is the highest common divisor of o and v?
39
Let d = -15 - -25. Let p be (-100)/(-36) + 12/54. Suppose 3*o + p*y + 2*y = 275, -y - 449 = -5*o. Calculate the highest common divisor of o and d.
10
Let d = 224 - 231. Let c be ((-5)/(-3))/(d - (-94)/12). Calculate the greatest common divisor of 66 and c.
2
Let k = -30 + 63. Let p be (-2)/(21/(-6) - -3). Let w(q) = -10*q + 43. Let h be w(p). What is the highest common factor of h and k?
3
Let z(m) = 76*m - 1752. Let y be z(39). Calculate the highest common factor of y and 2222.
202
Let v be 30/(-45)*(-1 - (847 - -1)). Let q = v - 502. What is the highest common divisor of 8 and q?
8
Let k(y) = 531*y + 2772. Let p be k(-5). Calculate the highest common factor of p and 16029.
117
Let g = 3173 - 3138. Calculate the highest common factor of 170 and g.
5
Suppose -3*t - 19 = 5. Let a = -20 + t. Let j = 42 - a. What is the highest common factor of 105 and j?
35
Let h be (14/3)/((-2)/(-6)). Let c be (-58 - (2 + -1))*(9361 - 9375). What is the highest common factor of h and c?
14
Let x = -182918 + 182929. Suppose -2*p = -534 - 214. Calculate the highest common factor of x and p.
11
Let b = 8399 - 8376. What is the greatest common factor of 5957 and b?
23
Suppose 113*h - 118*h = -420. Let u = 274 - -146. Calculate the greatest common factor of u and h.
84
Let b be (165/(-20))/(2/(-32)). Calculate the greatest common divisor of b and 2292.
12
Suppose -25*f - 5835 = -26*f + x, 4*x = 3*f - 17510. What is the greatest common divisor of f and 220?
110
Let t be (-9 - -7)*3*(-142)/4. What is the greatest common divisor of 426 and t?
213
Suppose 255*l - 70470 - 70698 = -91*l. Calculate the greatest common divisor of l and 7242.
102
Let w = 657 + 351. Calculate the highest common divisor of 16 and w.
16
Suppose 19*f = 2230 + 2710. What is the greatest common divisor of f and 208?
52
Let w(x) = 0*x + 133*x**3 - 3*x + 1 - x + 3*x. Let p be w(1). Let t be (-11 + 14)*3/18*38. What is the highest common divisor of t and p?
19
Suppose 5*p + 4*x - 619 = 0, -13*p = -16*p + 5*x + 364. Calculate the greatest common factor of 164 and p.
41
Let p = 15 + -5. Let c(u) = u**3 - 8*u**2 - 22*u + 22. Let j be c(p). Let h be (45/(-20))/(9/(-78))*j. What is the highest common factor of h and 195?
39
Let i(r) = 55*r + 2405. Let b be i(-20). What is the highest common factor of b and 81?
9
Suppose 2*n = -91 + 99. Suppose 7*m - 5*b - 86 = n*m, 82 = 3*m - b. Let o = 28 - 10. Calculate the greatest common factor of o and m.
9
Suppose 5*i = -8*u + 9*u + 22142, 3*i + 3*u = 13296. What is the highest common divisor of i and 103?
103
Suppose -22*g = 2*b - 26*g - 5212, -g = -3*b + 7813. Calculate the greatest common divisor of 18 and b.
6
Suppose -13*u + 14*u = 4*i + 34, -2*i = 10. Suppose -4*z + 3*d + 37 = 9, 2*z - d = u. Suppose 5*k = k + 196. Calculate the highest common divisor of k and z.
7
Let c = -140 + 138. Let x(h) = -61*h + 3. Let a be x(c). Calculate the highest common divisor of a and 25.
25
Let h = -10 - -22. Let s(q) be the first derivative of q**4/4 + 7*q**3/3 - 9*q**2/2 + 18*q - 35. Let v be s(-6). What is the greatest common factor of v and h?
12
Suppose 2 - 10 = 4*w. Let b be (-1615)/(-20) - w/8. Calculate the highest common divisor of 9 and b.
9
Let p be 78/5*(2 + 8). Suppose -41340 = -519*n + 59865. What is the greatest common factor of n and p?
39
Let l = -47 - -67. Suppose -2*d - 4 = 0, 5*f + 3*d - 75 + 61 = 0. What is the highest common divisor of f and l?
4
Let b(g) = g**2 -